ose 4*f + 243 = 1407. What is the tens digit of f?
9
Let k = 9 + 64. Suppose 5*t = z + 127, -9*z + 8*z = 3*t - k. What is the tens digit of t?
2
Suppose -2*u + 115 = u - 2*m, -4 = -4*m. What is the units digit of u?
9
Let u(l) = -l**3 + 8*l**2 - 6*l - 7. Suppose -2*k + 22 = 4*g, -4*k + 2*g + 20 = -2*g. Let i be u(k). Suppose -q + 5 = -i. What is the units digit of q?
5
Suppose 0 = 14*n - 1 - 377. Let w = 184 - n. What is the units digit of w?
7
Let p = 43 - -105. Suppose k - 5*k + 4*n = -p, -3*n = 0. Suppose -k = 5*d - 247. What is the units digit of d?
2
Let f be (-6)/(-4)*14/3. Let k(p) = -p + 9. Let t be k(f). Let c = 9 + t. What is the units digit of c?
1
Let q(z) be the first derivative of -5*z**2 + 32*z + 6. What is the hundreds digit of q(-9)?
1
Suppose -4*u + 6 = 2*i - 0, 0 = 5*i + 25. Let h = u + 12. Let s = h + -10. What is the units digit of s?
6
Let k be 1/(-2) - (-8)/16. Suppose q - 6*q - 240 = k. What is the tens digit of 2 + (-7)/(14/q)?
2
Suppose -t + 588 = -4*u, 11*t - 8*t = 3*u + 1764. Suppose 4*j = -2*f + 280, j - t = 3*f - 7*f. What is the hundreds digit of f?
1
Let y = 341 - -695. What is the hundreds digit of y?
0
Let u(f) = f**3 - 6*f**2 + 15*f + 93. What is the hundreds digit of u(11)?
8
Let u(j) = j**3 - 3*j**2 - 13*j + 26. What is the units digit of u(10)?
6
Suppose -5*r + 8969 = -2*r - i, r - 3*i = 3003. What is the hundreds digit of r?
9
Let t(n) = -5*n**3 + n**2 - n. Let g be t(-3). Suppose 0 = 4*u - 7*u + 6. Suppose u*r - g = 3*l - 23, -96 = -2*r - 4*l. What is the units digit of r?
6
Let p = 33 - 23. Let w be (102/(-68))/(2/(-36)). Suppose 2*t = -p, -g + 5*t - w = -5*g. What is the tens digit of g?
1
Let t(b) = b**3 - 9*b**2 - b + 17. Let o be t(9). Suppose -o*d + 145 + 47 = 0. What is the tens digit of d?
2
Let a be 6 + -3 + (2 - 1). Suppose -a*g = -6*g + 6, -3*f = -4*g - 141. Suppose 0 = -4*t + t + f. What is the units digit of t?
7
What is the thousands digit of 19238/12 + 61/(-366)?
1
Let w = 661 - 622. What is the tens digit of w?
3
Let s = -5 - -6. Let r(h) = 2*h. Let u be r(s). What is the units digit of 22 - (-3 + 0 + u)?
3
Let h = 65 + -29. Suppose 4*x = h + 192. What is the units digit of x?
7
Let a = 812 - -169. Suppose 93 = -6*t + a. What is the units digit of t?
8
Suppose -6*q = -27*q + 15120. What is the tens digit of q?
2
Suppose 0 = -3*j + 9. Suppose 0 = 5*w + 4*b + 76, 0*w - j*b + 51 = -3*w. Let y = w - -20. What is the units digit of y?
4
Suppose 2*c + 3*i - 7*i = 404, -796 = -4*c + 5*i. What is the units digit of c?
4
Let a be ((-8)/16)/((-1)/6). Suppose q + 4*y - 324 = -a*q, q = y + 75. What is the units digit of q?
8
Let o(i) = 5*i**2 - 8*i - 84. What is the units digit of o(-6)?
4
Let u(a) = 15*a**2 - 47*a + 12. What is the units digit of u(-7)?
6
Suppose -4*y - 2*y = 0. Suppose 4*m = 3*k + 159, 2*k = 3*m - y*m - 120. What is the tens digit of m?
4
Let f(q) = -q**3 - 6*q**2 - 20*q + 23. What is the units digit of f(-12)?
7
Suppose -5*g - 5*a = -26325, 91*g = 89*g + 4*a + 10524. What is the hundreds digit of g?
2
Suppose -2*p = -p. Let w(i) = -i + 17. Let g be w(14). Suppose -g*s = -p*s - 84. What is the tens digit of s?
2
Let n = -457 + 881. What is the tens digit of n?
2
Suppose 3*c = -y + 13, -3 = -4*c - 2*y + 15. Suppose 230 = 5*a - 2*v, -c*a + 5*a - 39 = -v. What is the units digit of a?
4
Let o = 28 + 58. Suppose o = -2*b + 4*b. What is the units digit of b?
3
Suppose -3*o - 3*k = -18611 + 2810, 0 = -3*o - 5*k + 15793. What is the tens digit of o?
7
Let w be (-1)/(-2)*(-318)/3. Let u = 6 - w. What is the units digit of u?
9
Suppose 4*v = n - 163, 5*v = 3*n + 15 - 224. Let w = 46 + v. What is the units digit of w?
6
Let q(f) = 30*f - 58. What is the units digit of q(16)?
2
Let o = -44 + 18. Let f = -13 - o. Suppose 9*r + 96 = f*r. What is the units digit of r?
4
Suppose 8 = -21*n + 344. What is the tens digit of n?
1
Let u be -2 - ((-3)/(-9))/((-1)/27). Let q(z) = 29*z - 31. What is the units digit of q(u)?
2
Let x = 59 - 48. Suppose -25 + 124 = x*h. What is the units digit of h?
9
Suppose -9 = 3*m, -5*h - m + 2553 = -h. What is the units digit of h?
9
Let a be 4/(-14) + (-1548)/(-28). Suppose 5*q = o + o - 136, 0 = -o - 4*q + a. What is the units digit of o?
3
Suppose -59 = -3*n + z, 5*n - n - 85 = -5*z. Suppose 2*v + n = -3*v. What is the units digit of 4/(-4) - (v - 2)?
5
Let t = 657 - -215. What is the hundreds digit of t?
8
Let t be 12/16 - (-31)/(-4). Let h(u) = -u**3 - 6*u**2 + 7*u + 3. Let b be h(t). Suppose 0 = b*s + 6 - 0, i - 3*s - 22 = 0. What is the units digit of i?
6
Suppose -4*q = -3*f - 292 - 5875, 5*f + 1546 = q. What is the tens digit of q?
4
What is the units digit of 306/68*7468/9?
4
Suppose -5*l = -2*m + 206, 0 = 6*m - 2*m - 5*l - 392. Let r = m + -37. What is the tens digit of r?
5
Let t = -497 - -1005. What is the hundreds digit of t?
5
Let c = 134 - 134. Suppose 20*m - 18*m - 372 = c. What is the tens digit of m?
8
Let f(h) = 3*h**2 + 7*h - 111. What is the hundreds digit of f(-14)?
3
Let i(m) = 5*m - 5. Let w be i(-6). Suppose 4*r - 23*r = 1520. Let z = w - r. What is the tens digit of z?
4
Suppose 15*x + 3*p - 1111 = 14*x, -5*p = -4*x + 4393. What is the units digit of x?
2
Let y(d) = 3*d - 20. Let p be y(8). Let f = 99 + 23. Suppose 0 = 5*b + 3*i - 319, -p*i + f = -b + 3*b. What is the units digit of b?
5
Let n(s) = -121*s - 14. What is the units digit of n(-6)?
2
Let v be 48/20*10/4. Let t(w) = -w**3 + 9*w**2 - 9*w. Let a be t(v). Suppose -5*g + a = -2*g. What is the units digit of g?
8
What is the tens digit of (8 - 7)/(2 + -1) + 484?
8
What is the hundreds digit of ((-6)/(-7))/(22/3080) + 3?
1
Suppose -285 = 2*f - 1319. What is the units digit of f?
7
What is the units digit of 5213 + 6 + -14 + 21?
6
Suppose k + 8*v - 485 = 5*v, 2*k - 3*v = 952. What is the hundreds digit of k?
4
Let v(h) = h**3 - 10*h**2 + 8*h + 2. Let o(p) = -p**3 + 8*p**2 + 9*p + 10. Let m be o(9). What is the tens digit of v(m)?
8
Suppose -5*i + 9 = 3*g, i - 6 = -2*g - 2*i. Suppose 0 = -g*j - w + 57, -2*j - 4*w = -w - 45. What is the units digit of j/4 + (-4)/(-8)?
5
Let c be 0 + -3 + (1 - -4). Suppose -1 = 4*y - 21, 2*t + 8 = -c*y. Let b = t + 27. What is the units digit of b?
8
Let s = 25 - 24. Let r = 9 - s. What is the units digit of r?
8
What is the units digit of (9/3 - 5) + (-4908)/(-4)?
5
Let x(g) = -g**3 + 9*g**2 + 10*g + 11. Let t be x(10). Let f(m) = -m**3 + 7 - t + 8 - 3*m**2. What is the units digit of f(-4)?
0
Let x(q) = -6*q**2 + 2*q + 1. Let v be x(3). Let r = 24 + v. Let m = -19 - r. What is the units digit of m?
4
Let o = 2044 + -733. What is the thousands digit of o?
1
Suppose 1516 = 44*u - 40*u. What is the tens digit of u?
7
Suppose 7*z - 36 = 2*z - 4*j, -12 = 2*z - 5*j. Let l(q) = 2*q**2 + q - 8. What is the tens digit of l(z)?
2
Let d(x) be the third derivative of -1/6*x**3 - 3*x**2 - 1/4*x**4 + 0 + 0*x. What is the tens digit of d(-2)?
1
Let q(u) = -u**3 + 12*u**2 + 9*u. Suppose 3*y - 13*d + 10*d = 21, 4*y - 60 = -4*d. What is the tens digit of q(y)?
2
Let w(q) = -q + 12. Let s be w(9). Let d be (2 - s/1) + 1. What is the tens digit of 0 + 20 - 2 - d?
1
Suppose -5*p = 5*f - 160, 0 = -2*f - 2*f + 5*p + 137. Let u(c) = c**2 + 7*c + 4. Let l be u(-3). Let b = l + f. What is the units digit of b?
5
Let b be (1 - (2 + 0))*-5. Suppose 0 = -b*h + 1 + 14. Suppose l - 88 = -h*l. What is the tens digit of l?
2
Let h(u) = 260*u + 12. What is the tens digit of h(1)?
7
Suppose 0 = 5*h - 164 - 51. Suppose -k = -h - 1. What is the tens digit of k?
4
What is the units digit of -5*2/(1 - 72/62)?
2
Suppose -2*t + 4 = -5*w, -3*t = -0*w + 3*w + 15. Let y be 4*(-2 - 0)/w. Suppose -28 = -x - 0*x + 3*g, y*g + 72 = 4*x. What is the tens digit of x?
1
Suppose -2*s + 5*q + 8 - 2 = 0, -q + 15 = 5*s. Suppose -4*k = -8, -5*u + s*u = 5*k - 200. Suppose 6*c - u = c. What is the tens digit of c?
1
Suppose 0 = -4*j - 3*t + 4373, -3*j + 54*t = 59*t - 3266. What is the tens digit of j?
9
Suppose 4*p = 1472 - 52. Suppose -p - 43 = -2*k. What is the units digit of k?
9
Let t(j) = j**3 + 8*j**2 + 6*j - 5. Let a be t(-7). Suppose w - 15 = 4*w, 103 = a*y + 3*w. What is the units digit of y?
9
Let w(c) = -c**2. Let r be w(0). Suppose r*y + 4*o + 108 = y, -334 = -3*y + 2*o. What is the units digit o